6*t + 317. What is the units digit of i(56)?
7
Let v(g) be the third derivative of g**5/24 + 5*g**4/24 - g**3 + 25*g**2. Let o(z) be the first derivative of v(z). What is the units digit of o(9)?
0
Suppose 5*o - 3*o - 8*o = 0. What is the units digit of (4 - 17)/(-13) + (o - -474)?
5
Let o(i) = i**2 - 9*i + 17. Let q be o(20). Suppose -232*s + q*s - 260 = 0. What is the tens digit of s?
5
Let h be (-1)/((-6)/57)*-2. Let j = 24 + h. What is the units digit of 3 - ((-348)/j + (-24)/60)?
3
Suppose -3*s - 4*p = -0*s - 269, 2*s + p = 186. Let n = s - 93. Suppose o + 4*g + 136 = 3*o, -131 = -n*o - g. What is the tens digit of o?
6
Let l = 26318 - 3047. What is the units digit of l?
1
Suppose -3*c - c = -36396. What is the thousands digit of c?
9
Suppose t = -5*j + 46 + 5, t - 11 = -j. What is the units digit of (-1)/(j/476)*-5?
8
Suppose -3*j = -4*v - 9504, 5*j = 3*v + 9445 + 6384. What is the hundreds digit of j?
1
Let u = 5363 - 2350. What is the units digit of u?
3
Let b(n) = -n**3 - 21*n**2 + 20*n - 30. Let d be b(-22). Let z = -433 - -881. Suppose 6*c - d = z. What is the units digit of c?
7
Suppose 0 = -5*c + 5, 0*i + 11*c = 3*i - 15121. What is the units digit of i?
4
Suppose 5241 - 139 = 3*f - 5*a, -3*a - 5094 = -3*f. Let t = -1210 + f. What is the hundreds digit of t?
4
Let p = 117 + -94. Let u = 26 - p. What is the units digit of ((-3320)/60)/((-2)/u)?
3
Suppose -3*p = -2*x + 16, 10 = -3*x - 7*p + 3*p. Let o be (-49)/7 + -3 + 0. What is the tens digit of 56 - (o/14 + x/(-7))?
5
Let m(j) be the first derivative of -77*j**2/2 - 3*j + 31. What is the units digit of m(-6)?
9
Let w(r) = -r**3 - 10*r**2 + 21*r - 25. Let l be w(-12). Let v = 350 - l. What is the hundreds digit of v?
3
Suppose 21*c - 50953 = 68936. What is the tens digit of c?
0
Let z(h) = -h**3 - 2*h**2 + 49*h + 94. What is the tens digit of z(-19)?
0
Let v(g) = 2035*g + 497. What is the ten thousands digit of v(7)?
1
Let r = 41 + -38. Suppose 0 = 5*i - 25, b - r*i - 275 - 101 = 0. What is the tens digit of b/4 + (-3)/4?
9
Suppose 21*t - 285841 = 71895 + 61256. What is the thousands digit of t?
9
Suppose 45*s = 2*w + 41*s - 6184, 0 = 5*w - 3*s - 15488. What is the units digit of w?
0
Suppose -209*y + 2047271 + 4084617 = 162*y. What is the tens digit of y?
2
Let j(o) = 93*o**2 - 4*o + 4. Suppose x - 17 = -4*w, 0*x + 2*x - 4 = 2*w. Suppose 4*q + 3*l + 8 = 0, 5*q - w*l - 13 = -l. What is the tens digit of j(q)?
9
Suppose 5*v - 31590 = 236*o - 232*o, 25273 = 4*v - 3*o. What is the tens digit of v?
2
Suppose 0*u - 11*u - 9*u = -64120. What is the tens digit of u?
0
Let a(r) = 28*r**3 - 17*r**2 + 2*r + 27. What is the thousands digit of a(11)?
5
Let x(r) = 5*r + 41. Suppose -s - 34 = 3*c - 5, -3*c - 34 = 2*s. Let a be x(c). Let w(v) = 98*v - 4. What is the units digit of w(a)?
4
Let z(y) = 238*y - 4852. What is the units digit of z(33)?
2
Let w(h) = 194*h**3 - 27*h**2 - 12*h + 8. What is the tens digit of w(4)?
4
Let o(t) = -1442*t + 2961. What is the hundreds digit of o(-2)?
8
Suppose 22*k - 2*k = 8060. Let r = k - 41. What is the tens digit of r?
6
What is the hundreds digit of -4*(4945/(-20) - (5 - 8))?
9
Let t(l) = -5*l - 11. Let n(d) = -d**3 - 11*d**2 - 7*d - 27. Let k be n(-11). Let v = 45 - k. What is the units digit of t(v)?
4
Let z = 39609 + -24150. What is the ten thousands digit of z?
1
Suppose 3*n - 678 = 3*a, -2*n + 3*n - 229 = 4*a. Suppose -2*w + 25 = -0*w - 5*q, -4*q + 32 = w. Suppose 0 = w*m - 15*m - n. What is the units digit of m?
5
Let a(u) = -u + 1. Let v be a(-2). Suppose -5*z + 5*g = 2*g - 542, 0 = -4*z - v*g + 412. What is the tens digit of z?
0
Let k(p) be the first derivative of -4*p - 30 + 3/2*p**2 + 16/3*p**3. What is the hundreds digit of k(3)?
1
Suppose -5669 = -13*p + 1195. Suppose 2*w - p = 4*u, -u + 806 = -w + 4*w. What is the hundreds digit of w?
2
Suppose -5*s + 5 = -5*v, -2*v + 2 - 7 = -3*s. Let u = 3 - s. Suppose u = 10*d - 6*d - 248. What is the tens digit of d?
6
Let p = 376 - 372. What is the tens digit of -7 + (1045 - -8 - p)?
4
Let x = -7 + 0. Let u(a) = -2*a**3 - 6*a**2 + 4*a + 7. What is the tens digit of u(x)?
7
Suppose -2*p - 3*r + 4507 = -3245, p - 4*r = 3854. What is the units digit of p?
0
Suppose t - 13 + 22 = 0. Let m(k) = -k - 5. Let u be m(t). Suppose u*p + p = 45. What is the units digit of p?
9
Let t(d) = 6*d**3 - 7*d**2 - 12*d + 24. Let g = 261 - 256. What is the tens digit of t(g)?
3
Let f = 728 - -1843. What is the tens digit of f?
7
Suppose 264*i - 167643 = 257*i. What is the hundreds digit of i?
9
Let y be 27/36 - (3/4 + -1). Let n(o) = 63*o**3 - 2*o**2 + o + 1. What is the tens digit of n(y)?
6
Suppose 21*g - 3*k = 25*g - 11510, -4*g - 5*k = -11506. What is the units digit of g?
9
Let t(n) = -n**3 + 7*n**2 + 2*n + 13. Let b be t(7). Suppose -2*h + b = 7*h. Suppose 3*o - 13 = o - h*l, 3*o - 5*l + 9 = 0. What is the units digit of o?
2
Let r(h) = 1310*h - 1219. What is the tens digit of r(14)?
2
Let y(m) = 34*m**2 + 148*m + 4. Let b(p) = p**2 - 6*p - 79. Let n be b(12). What is the units digit of y(n)?
4
Let v = -1946 + 14982. What is the ten thousands digit of v?
1
Suppose -5*s = -154 - 1411. Suppose 3*l - 60 - s = -4*j, 0 = -4*j + l + 393. What is the tens digit of j?
9
Let j(c) = 11*c**2 - 29*c + 115. What is the thousands digit of j(27)?
7
Suppose 251*c - 315*c + 116736 = 0. What is the tens digit of c?
2
Let h be 184/6*33/22. What is the tens digit of 1*((-5 - -4 - 3) + h)?
4
Suppose 5*w - 11009 - 27496 = 0. Suppose 17*p - 6834 = w. What is the units digit of p?
5
Let c(s) = -s**3 + 15*s**2 - 30*s + 18. Let l(n) = -7*n - 39. Let q(h) = 2*h + 1. Let b(a) = l(a) + 2*q(a). Let g be b(-16). What is the tens digit of c(g)?
7
Let p be (3 - 31)/7 + 156. Suppose 149*r = p*r - 1407. What is the hundreds digit of r?
4
Let y = 57737 - 6030. What is the units digit of y?
7
Suppose -2*m - 96 = -34. Let r = 155 - m. What is the hundreds digit of r?
1
Let t = 4490 + 4265. What is the thousands digit of t?
8
Suppose 5*r + 10 = -0. Let g be r/7 + (-2495)/(-35). Suppose 3*j - 403 = -5*f - 0*j, -f = 3*j - g. What is the units digit of f?
3
Suppose 0 = -3*g - 3 + 12, 2*o - 4289 = -g. Suppose 0 = -5*b - 25, -612 = 2*w - 3*b - o. What is the units digit of w?
8
Let x = -5011 + 7185. What is the thousands digit of x?
2
Let y = -57600 + 120269. What is the ten thousands digit of y?
6
Suppose 0 = -2*c + 4. Suppose -85 = -c*o - 3*o. Suppose 0 = 13*i - o*i + 32. What is the units digit of i?
8
Let n = 7958 + -4841. What is the hundreds digit of n?
1
Suppose -6*n + 49789 + 58939 = 13532. What is the ten thousands digit of n?
1
Let z be (3 + 14 - 0) + 4. Let p be (-19 + 5)*18/z. What is the hundreds digit of (-64)/p + -5 - (-383)/3?
1
Suppose 0 = a + 3, -3*x = -2*a + a + 873. Suppose 3*y - 4*i = 6*y - 1498, 5*i - 2505 = -5*y. Let g = x + y. What is the tens digit of g?
1
Let d(l) = l**2 - 3*l + 4. Let s be d(-3). Suppose s*w - 21*w = 14. Suppose 9*b + 250 = w*b. What is the units digit of b?
0
Let v be (4 - (3 + (-1)/(-1)))/2. Suppose 6*q + v*q = 48. What is the units digit of 82/4 - (4/q + -2)?
2
Let s(k) = -k**3 - 9*k**2 + 11*k + 14. Let d be s(-10). Suppose 0*f + d*o = -2*f + 28, 25 = 5*o. What is the tens digit of (-193 - 1)*1/(-8)*f?
9
Suppose -6*g = g - 70. Let m be 5/g*(0 + 0). Suppose 5*w = 2*a - 116, 2*w = a - m*w - 56. What is the tens digit of a?
4
What is the ten thousands digit of (-1345930)/(-34) - 24/136?
3
Suppose 0 = 2*t + 3*s - 40404, -2*t - s - 725 + 41133 = 0. What is the thousands digit of t?
0
Let f(u) = u**2 - 16*u - 61. Let s be f(-3). What is the units digit of 104/26*(-66)/s?
6
Let j(k) = -2*k + 18. Let l be j(12). Let p be (-3 + l)/(-2 + 44/16). What is the units digit of (-1)/(p/(-372)*(-2)/14)?
7
Suppose 0 = -2*r + 4*n, -6*r = -3*r + 5*n + 55. Let t = -16 - r. What is the tens digit of (-236)/t*12/(-16)*-4?
1
Suppose 0 = -y - k - 34, -146 + 3 = 4*y - 3*k. Let t = -35 - y. Suppose -2*v + t*v + p = -80, -4*v - 4*p = -148. What is the tens digit of v?
3
Suppose -5*u = 19*u. Suppose u = 4*j + 5*y - 2*y - 320, -3*j = 3*y - 243. What is the units digit of j?
7
Let b = -377 + 634. Let z = 12 - 92. Let v = b + z. What is the units digit of v?
7
Let n(a) = 15*a + 3. Let v(j) = 45*j + 11. Let s(t) = 21*n(t) - 6*v(t). Let m be -5